ided by 3.
2
Let o(d) = -2*d**3 - 238*d**2 - 483*d + 74. What is the remainder when o(-117) is divided by 1822?
7
What is the remainder when 208 is divided by 30 + -23 - (12 + 3) - -33?
8
Suppose 3*t + 32 = 122. Suppose 1112 - 1244 = -11*c. Calculate the remainder when t is divided by c.
6
Let d(q) = q**2 - 43*q + 401. Calculate the remainder when 967 is divided by d(35).
120
Let p = 3965 - 3721. Calculate the remainder when p is divided by 14.
6
Suppose -2*i + 35 - 29 = 0. Suppose -10*m = -4*m - 108. Suppose -r - m = -2*r - i*v, 5*r - 26 = v. What is the remainder when 20 is divided by r?
2
Let z be -1 + -1 + -113 + 2. Let i = 163 + z. What is the remainder when i is divided by 19 + (-405)/21 + (-242)/(-14)?
16
Suppose n + 3*n - 4*j = 112, j - 3 = 0. What is the remainder when ((-27)/18)/((-2)/80) is divided by n?
29
Suppose -165*k = -156*k - 738. Calculate the remainder when 300 is divided by k.
54
Suppose 6*v - 5*v - 237 = -o, -2*o = -2*v - 462. Suppose 331 = 4*w + 5*x, 2*x = 2*w - x - 149. What is the remainder when o is divided by w?
76
Suppose 4*m + 1784 = 14*y, 7*y = 8*y + 4*m - 106. Calculate the remainder when y is divided by 55.
16
Let d(f) = -f**3 - 20*f**2 + 37*f - 125. Suppose 2*n + 483 = 5*a, -a - 2*a = -4*n - 287. What is the remainder when a is divided by d(-22)?
10
Let m = 11 + -6. Suppose 0 = m*z - 14 - 151. Let q = -455 - -459. Calculate the remainder when z is divided by q.
1
Suppose -2*t - 10 = -4*t. Let g(d) = -38 + t - 6*d + 0 - 50. What is the remainder when 181 is divided by g(-20)?
33
Suppose -22*r + 331 = 45. What is the remainder when 3272 is divided by r?
9
Let u(l) = 2*l**2 + 131*l + 1173. Let w = -110 + 189. Calculate the remainder when u(-9) is divided by w.
77
Suppose -32 = -2*j - 2*j. Let h(m) = m**2 - 7*m + 7. Suppose 120780*a = 120762*a + 1872. Calculate the remainder when a is divided by h(j).
14
Suppose -2*f = 4*t - 22950, -2*t = -6*f + 457 + 68477. Calculate the remainder when f is divided by 209.
201
Suppose 0 = 39*o - 35*o - 4. Calculate the remainder when (4/10 - 602/(-70)) + o is divided by 6/1*(-1 - -2).
4
Let s be (15/(-2))/(4/(-8)). Suppose s*l = 12*l + 120. What is the remainder when 60 is divided by l*(-2 - 0)/(-4) - -1?
18
Let j = 15 - -8. Let i(u) = 2*u**3 - 5*u**2 + 7*u - 3. What is the remainder when j is divided by i(2)?
2
Let z(i) = 2*i**3 - 42*i**2 - 47*i + 107. Calculate the remainder when 4917 is divided by z(22).
38
Let b = 18288 - 17772. Calculate the remainder when b is divided by 498.
18
Suppose -3*m = 12, 3*l - m = 2*m + 174. Suppose 4*k - 5*y - 192 = 650, -2*k = -3*y - 420. What is the remainder when k is divided by l?
51
Let x(r) = 3*r**3 - r + 55. Let l be x(0). Suppose 67*g - 60 = l*g. Calculate the remainder when 9 is divided by g.
4
Suppose 68*u = -5*u + 7008. What is the remainder when 382 is divided by u?
94
Suppose -4*k = 3*n - 826, 3*n + 2*n - 1405 = -k. What is the remainder when n is divided by 43?
24
Let v(c) = c**3 + 7*c**2 + 4*c - 7. Let f be v(-6). Let d be (-1)/f + (-1746)/45. Let j = -25 - d. What is the remainder when 83 is divided by j?
13
Calculate the remainder when (-37338)/(-217) - 12/186 is divided by 16.
12
Suppose 2*f + t = 7*f - 56, 3*f - 38 = 5*t. Suppose -f*a + 525 = -740. What is the remainder when a is divided by 40?
35
Suppose 2*b - 4*b = -40. Let d = 202 - 125. Calculate the remainder when d is divided by b.
17
Suppose -1938 = -22*n + 2609 + 4385. Calculate the remainder when n is divided by 171.
64
Let h = -253 - -255. Suppose -h*p + 592 = o, -226 = -4*p + 5*o + 958. What is the remainder when p is divided by 20?
16
What is the remainder when 207 is divided by 1/(-6) - (4869/(-12))/((-531)/(-118))?
27
Suppose 241*u + 5544 = 259*u. Calculate the remainder when u is divided by (-785)/(-10) - (-1)/(-2).
74
Let q = 4022 - 3860. Calculate the remainder when q is divided by 18.
0
Suppose -3*i + 24 = d - 0*i, 0 = -i. Suppose 0 = 3*p + p - 176. What is the remainder when p is divided by d?
20
Let n(b) = -b**3 + 15*b**2 + 368*b - 54. What is the remainder when n(28) is divided by 31?
27
Let k(m) = -12*m + 18. Let d be k(-1). Suppose -6*b + d = 3*q - 7*b, -2*b + 30 = 4*q. What is the remainder when 348 is divided by q?
6
Suppose -31 = g + 5*k, 3*g + 6 = 2*k - 2. Let b be ((-566)/(-8))/((-1)/(2 + g)). Suppose 61 + b = 8*m. Calculate the remainder when m is divided by 15.
13
Let l(y) be the first derivative of -y**3/3 + 17*y**2/2 + 17*y - 2. Calculate the remainder when 162 is divided by l(16).
30
Let r = 15135 - 12813. Calculate the remainder when r is divided by 233.
225
Calculate the remainder when (-9971)/(-59) + (-14)/(-1) is divided by 15.
3
Suppose 2*i - 942 + 335 = -l, -5*i = 4*l - 1516. Calculate the remainder when i is divided by ((-4)/(-2))/((-28)/(-238)).
15
Let z(d) = -7*d + 5. Let q be 3/((-6)/(-50)) - -3*1. Calculate the remainder when z(-6) is divided by 94/7 + (-12)/q.
8
Let w = -880 + 942. What is the remainder when 237 is divided by w?
51
Let g(t) = 7*t**3 + 33*t**2 - 27*t**2 - 3 + 9. Let u(x) = x**3 + x**2. Let f(s) = g(s) - 6*u(s). Calculate the remainder when f(4) is divided by 18.
16
Let m(p) = 9*p**2 - 86*p + 51. Suppose -3*s + 30 = 2*z - 10, 5*z = -5*s + 70. What is the remainder when s is divided by m(9)?
0
Let q(u) = u**3 - 7*u**2 + u + 3. What is the remainder when q(7) is divided by (368/(-276))/(-1*3/9)?
2
Let u(v) = -4*v - 14. Let z be u(-20). Let b(r) = -41*r - 2. Let x be b(1). Let p = x + z. Calculate the remainder when p is divided by 8.
7
Let a(f) = 2*f**2 - 5*f - 9. Suppose -7 = 3*s + 8. Let g be (-45)/s - (2 + 2). What is the remainder when 27 is divided by a(g)?
11
Suppose -792 = -6*w + 3*z, 5*w - 10 = -3*z + 628. What is the remainder when 618 is divided by w?
98
Calculate the remainder when 660 is divided by 6/(-4)*2/12*15436/(-227).
14
Suppose r + 86*h = 85*h + 411, -h = 0. What is the remainder when r is divided by 143?
125
Let h = -940 + 1713. Let c(v) = 4*v + 2. What is the remainder when h/6 + (-2)/(-12) is divided by c(5)?
19
Let t(l) = 4*l**3 - 8*l**2 - l - 3. Let r = 8 + -17. Let j = 8 - r. Calculate the remainder when t(3) is divided by j.
13
Let u(o) = 132*o - 2155. Calculate the remainder when 2036 is divided by u(17).
78
Let h(q) be the first derivative of -3*q**4/4 - 31*q**3/3 + 7*q**2 + 15*q + 474. Let m = -55 - -90. What is the remainder when h(-11) is divided by m?
33
Suppose -113467 + 39912 = -277*n + 132810. What is the remainder when n is divided by 26?
17
Let z = 537 + -496. Suppose 6*v - 3*v = -72. Calculate the remainder when z is divided by (-145)/(-8) - (-3)/v.
5
Let d(j) be the first derivative of 7*j**2 + 81*j - 87. Calculate the remainder when d(3) is divided by 4.
3
Let n(u) = -u**3 + 17*u**2 - 12*u - 59. Let i(t) = t + 2. Let q be i(-3). Let r(s) = -23*s. Calculate the remainder when r(q) is divided by n(16).
3
Calculate the remainder when 904/8 + -5 + 0 is divided by -3*((-25)/5 + 20/12).
8
Let f(n) = -n**2 - 72*n - 416. Calculate the remainder when f(-57) is divided by (-1084)/(-20) + (-4)/(-5).
54
Let b(s) = -4*s + 174. Calculate the remainder when b(0) is divided by 81.
12
Suppose -8 + 54 = 2*r + 2*d, -3*r - 2*d = -69. What is the remainder when 142 is divided by r?
4
Let w(r) = -3*r + 24. Let g be w(7). Suppose -g*a = -5*a + 164. Calculate the remainder when a is divided by 46*45/72 + (-3)/4.
26
Suppose u = 3*x - 195, -131 = -2*x - 2*u + 3*u. Suppose 465 + 159 = 48*z. What is the remainder when x is divided by z?
12
Calculate the remainder when (4 - 5)*(7 - -2) - -1406 is divided by 407.
176
Let z = -88 - -96. Suppose -13*t + z*t = -115. Suppose 20 = f + 5. What is the remainder when t is divided by f?
8
Let k(v) = -v**2 + 49*v - 424. Calculate the remainder when 482 is divided by k(18).
80
Let c = -1703 - -1718. Let x(k) = 77*k**2 - 6*k - 9. What is the remainder when x(-2) is divided by c?
11
Let d = 26 - 24. Suppose -h = d*j - 165, -j - 5*h = -2*h - 80. What is the remainder when j is divided by 12?
11
Let h(n) = 14*n**2 - 74*n - 30. Let c(w) = -9*w**2 + 48*w + 20. Let a(s) = -8*c(s) - 5*h(s). Calculate the remainder when 34 is divided by a(9).
8
Let f = -4984 - -5067. Calculate the remainder when f is divided by 79.
4
Calculate the remainder when 162 is divided by (-9 + 18 + 18